{"id":233,"date":"2017-11-13T10:43:21","date_gmt":"2017-11-13T09:43:21","guid":{"rendered":"https:\/\/lundr-bauunternehmen.de\/?page_id=233"},"modified":"2024-10-29T15:43:48","modified_gmt":"2024-10-29T14:43:48","slug":"abriss","status":"publish","type":"page","link":"https:\/\/lundr-bauunternehmen.de\/?page_id=233","title":{"rendered":"Abriss"},"content":{"rendered":"<!-- wp:themify-builder\/canvas \/-->","protected":false},"excerpt":{"rendered":"","protected":false},"author":1,"featured_media":0,"parent":180,"menu_order":0,"comment_status":"closed","ping_status":"closed","template":"","meta":{"footnotes":""},"class_list":["post-233","page","type-page","status-publish","hentry","has-post-title","has-post-date","has-post-category","has-post-tag","has-post-comment","has-post-author",""],"builder_content":"<tf-lottie data-lazy=\"1\"> <template>{\"actions\":[{\"path\":\"https:\\\/\\\/lundr-bauunternehmen.de\\\/wp-content\\\/uploads\\\/2024\\\/10\\\/lf20_bkmjzko2.json\",\"seg\":\"0,300\"}],\"loop\":1}<\/template> <\/tf-lottie>\n<h1>Abbriss<br\/><\/h1>\nDie Welt ver\u00e4ndert sich st\u00e4ndig. So \u00e4ndern sich auch die Bauwerken. Viele alte Bauwerke m\u00fcssen platz f\u00fcr neue schaffen. Lassen Sie uns ihre alten Bauwerke fachgerecht abrei\u00dfen.\nWir sind mit unserem Personal und unseren Ger\u00e4ten bestens daf\u00fcr geeignet s\u00e4mtliche anstehende Abbrucharbeiten durchzuf\u00fchren.\nDurch unsere Erfahrung f\u00fchren wir den selektiven R\u00fcckbau im Sinne des Umweltschutzes und den daraus resultierenden geringeren Entsorgungskosten fach- und termingerecht gerne f\u00fcr Sie aus.","_links":{"self":[{"href":"https:\/\/lundr-bauunternehmen.de\/index.php?rest_route=\/wp\/v2\/pages\/233","targetHints":{"allow":["GET"]}}],"collection":[{"href":"https:\/\/lundr-bauunternehmen.de\/index.php?rest_route=\/wp\/v2\/pages"}],"about":[{"href":"https:\/\/lundr-bauunternehmen.de\/index.php?rest_route=\/wp\/v2\/types\/page"}],"author":[{"embeddable":true,"href":"https:\/\/lundr-bauunternehmen.de\/index.php?rest_route=\/wp\/v2\/users\/1"}],"replies":[{"embeddable":true,"href":"https:\/\/lundr-bauunternehmen.de\/index.php?rest_route=%2Fwp%2Fv2%2Fcomments&post=233"}],"version-history":[{"count":58,"href":"https:\/\/lundr-bauunternehmen.de\/index.php?rest_route=\/wp\/v2\/pages\/233\/revisions"}],"predecessor-version":[{"id":1388,"href":"https:\/\/lundr-bauunternehmen.de\/index.php?rest_route=\/wp\/v2\/pages\/233\/revisions\/1388"}],"up":[{"embeddable":true,"href":"https:\/\/lundr-bauunternehmen.de\/index.php?rest_route=\/wp\/v2\/pages\/180"}],"wp:attachment":[{"href":"https:\/\/lundr-bauunternehmen.de\/index.php?rest_route=%2Fwp%2Fv2%2Fmedia&parent=233"}],"curies":[{"name":"wp","href":"https:\/\/api.w.org\/{rel}","templated":true}]}}